{"id":11,"date":"2016-04-03T16:36:45","date_gmt":"2016-04-03T14:36:45","guid":{"rendered":"http:\/\/www.ttc-stettlen.ch\/?page_id=11"},"modified":"2020-06-12T18:13:30","modified_gmt":"2020-06-12T16:13:30","slug":"mitgliedschaft-kosten","status":"publish","type":"page","link":"https:\/\/www.ttc-stettlen.ch\/index.php\/mitgliedschaft-kosten\/","title":{"rendered":"Mitgliedschaft \/ Kosten"},"content":{"rendered":"<hr \/>\n\n<table id=\"tablepress-12\" class=\"tablepress tablepress-id-12\">\n<thead>\n<tr class=\"row-1\">\n\t<th class=\"column-1\">Mitgliedschaft<\/th><th class=\"column-2\">Jahresbeitrag<\/th><th class=\"column-3\">Bemerkung<\/th>\n<\/tr>\n<\/thead>\n<tbody class=\"row-striping row-hover\">\n<tr class=\"row-2\">\n\t<td class=\"column-1\">Aktivmitglied \/ Junior(in)<\/td><td class=\"column-2\">CHF 120.-<\/td><td class=\"column-3\">Plus einmalige Eintrittsgeb\u00fchr<br \/>\nCHF 10.-<\/td>\n<\/tr>\n<tr class=\"row-3\">\n\t<td class=\"column-1\">Sch\u00fcler(in) \/ Jugend<\/td><td class=\"column-2\">CHF 60.-<\/td><td class=\"column-3\">Plus einmalige Eintrittsgeb\u00fchr<br \/>\nCHF 10.-<\/td>\n<\/tr>\n<tr class=\"row-4\">\n\t<td class=\"column-1\">Passivmitglied<\/td><td class=\"column-2\">CHF 25.-<\/td><td class=\"column-3\"><\/td>\n<\/tr>\n<tr class=\"row-5\">\n\t<td class=\"column-1\">G\u00f6nner(in)<\/td><td class=\"column-2\">ab CHF 35.-<\/td><td class=\"column-3\"><\/td>\n<\/tr>\n<\/tbody>\n<\/table>\n\n<p>\u00a0<\/p>\n<p><strong>Erm\u00e4ssigung<\/strong>:<br \/><span style=\"color: #000000;\">Bei zwei im gleichen Haushalt lebenden Mitgliedern des TTC-Stettlen wird eine Erm\u00e4ssigung von 10% auf der Summe der Grundbeitr\u00e4ge gew\u00e4hrt.<br \/>Bei drei Personen werden 20% gew\u00e4hrt, bei vier und mehr Personen 30%.<\/span><\/p>\n\n\n<p><\/p>\n","protected":false},"excerpt":{"rendered":"<p>\u00a0 Erm\u00e4ssigung:Bei zwei im gleichen Haushalt lebenden Mitgliedern des TTC-Stettlen wird eine Erm\u00e4ssigung von 10% auf der Summe der Grundbeitr\u00e4ge gew\u00e4hrt.Bei drei Personen werden 20% gew\u00e4hrt, bei vier und mehr Personen 30%.<\/p>\n","protected":false},"author":1,"featured_media":0,"parent":0,"menu_order":0,"comment_status":"closed","ping_status":"closed","template":"","meta":{"footnotes":""},"class_list":["post-11","page","type-page","status-publish","hentry"],"_links":{"self":[{"href":"https:\/\/www.ttc-stettlen.ch\/index.php\/wp-json\/wp\/v2\/pages\/11","targetHints":{"allow":["GET"]}}],"collection":[{"href":"https:\/\/www.ttc-stettlen.ch\/index.php\/wp-json\/wp\/v2\/pages"}],"about":[{"href":"https:\/\/www.ttc-stettlen.ch\/index.php\/wp-json\/wp\/v2\/types\/page"}],"author":[{"embeddable":true,"href":"https:\/\/www.ttc-stettlen.ch\/index.php\/wp-json\/wp\/v2\/users\/1"}],"replies":[{"embeddable":true,"href":"https:\/\/www.ttc-stettlen.ch\/index.php\/wp-json\/wp\/v2\/comments?post=11"}],"version-history":[{"count":22,"href":"https:\/\/www.ttc-stettlen.ch\/index.php\/wp-json\/wp\/v2\/pages\/11\/revisions"}],"predecessor-version":[{"id":947,"href":"https:\/\/www.ttc-stettlen.ch\/index.php\/wp-json\/wp\/v2\/pages\/11\/revisions\/947"}],"wp:attachment":[{"href":"https:\/\/www.ttc-stettlen.ch\/index.php\/wp-json\/wp\/v2\/media?parent=11"}],"curies":[{"name":"wp","href":"https:\/\/api.w.org\/{rel}","templated":true}]}}